 2*x, -659 - 2631 = -4*x - 5*q. What are the prime factors of x?
2, 5, 41
Suppose 0 = -3*w + 1 - 46. Let k = 15 + w. Suppose -2*b + 0*b + 38 = k. List the prime factors of b.
19
Let o = 8 + -25. Let j = 33 - o. List the prime factors of 9/(-3)*j/(-6).
5
Suppose 0*y - 2*y + 10 = 0. List the prime factors of y*(-1)/(-1) - 2.
3
Let w(p) be the third derivative of -1/3*p**4 + 0 - 6*p**2 + 0*p + p**3 - 1/60*p**5. List the prime factors of w(-5).
3, 7
Let a be 88590/(-40)*40/(-3). What are the prime factors of (-2)/(-15) + a/150?
197
List the prime factors of (-15 + 11 + 8)/((-1)/(-23)).
2, 23
Let t be -4*(-1 - 3/6). Suppose 3*w + t = -0. What are the prime factors of (-7)/w - (-1)/2?
2
Suppose -r - 8 = -5*r. Suppose 235 = 3*o - z - 0*z, -r*z = -5*o + 391. What are the prime factors of o?
79
Let x(z) = 42*z - 139. List the prime factors of x(14).
449
Let r be ((-3)/(1 + 2))/(1/(-57)). Suppose 62*i - r*i = 185. List the prime factors of i.
37
Suppose 2*p + 5*h - 1093 = 0, -1076 - 1641 = -5*p + 3*h. What are the prime factors of p?
2, 17
Let r(q) = -q - 2. Let o be r(7). Let w = 11 + o. What are the prime factors of ((-76)/(-6))/(w/3)?
19
Suppose -8*j = -8828 - 1316. List the prime factors of j.
2, 317
Let b(p) = p - 2 - 3 - 5. Let u be b(7). What are the prime factors of (u - 6/(-3)) + 14?
13
Let m(k) = 6*k + 12. Let d be m(-5). Let i = d - -65. What are the prime factors of i?
47
What are the prime factors of 9*(-6)/9 + 982/1?
2, 61
Suppose -7110 = -6*s + 2262. List the prime factors of s.
2, 11, 71
Let d be ((-18)/4)/(-9)*(3 + 1). Suppose 2*v = 3*u - 202, d*v - 146 - 196 = -5*u. What are the prime factors of u?
2, 17
Suppose 4*m = -6 - 6. Let h(l) = 2*l - 9. Let u be h(6). What are the prime factors of (21/(-9) - u)*m?
2
Suppose -2*r + 26 = -0*r. Let m = 141 + -131. Let b = r - m. What are the prime factors of b?
3
Let g(o) be the second derivative of 1/12*o**4 + 0 - 1/6*o**3 - 6*o + 2*o**2. What are the prime factors of g(4)?
2
Let o(m) be the first derivative of 9*m**2/2 + 6*m + 6. Let g be o(5). Suppose 6*s = 3*s + g. What are the prime factors of s?
17
Suppose -w - 140 = -2*u, 3*w - 2*u = 53 - 457. Let g be (-240)/w - 4/(-22). Let d(s) = 8*s - 3. List the prime factors of d(g).
13
Let c = 2166 - 1356. What are the prime factors of c?
2, 3, 5
What are the prime factors of (-295)/(-1) + 35 + -29?
7, 43
Suppose 7*p - 708 = 6. Suppose -372 = -2*g - p. List the prime factors of g.
3, 5
Let d = 2 + 19. Suppose 5*i = -a + 443 - d, 2*i + 5*a = 178. What are the prime factors of i?
2, 3, 7
Let h be 60/(-35) - 2/7. Let l = 0 - h. Suppose -l*o + 75 = o. List the prime factors of o.
5
Let g = -93 + 282. List the prime factors of g.
3, 7
Suppose -6 = 2*u - 0*u, u - 17 = -4*a. Suppose -127 = -a*l + 103. Let t = -30 + l. What are the prime factors of t?
2
Suppose -958 = -5*b + 2*d, -4*d - 198 + 10 = -b. List the prime factors of b.
2, 3
List the prime factors of (0 - -330 - 0)*(-354)/(-236).
3, 5, 11
Let w = 47 + -32. Let g = w - 2. List the prime factors of g.
13
Let a be ((-2)/(-2))/(1/2). Suppose -a*j = -j - 20. List the prime factors of 3*(-2)/(-12)*j.
2, 5
Let i = 78 - -5. Let o = i - 13. What are the prime factors of o?
2, 5, 7
Suppose -f = -4*i - 2174, -6*f - 2*i = -7*f + 2170. What are the prime factors of f?
2, 3, 19
Let v(m) be the second derivative of m**4/12 - 7*m**3/6 + 2*m**2 + 77*m. Let d = 3 + 5. List the prime factors of v(d).
2, 3
Let u(j) = j**3 - 2*j**2 - j - 4. Let q be u(3). Suppose q*o - 6 = -2*i + 4, -5*i = -2*o - 18. Suppose g - 1 = -i*c - 3, 16 = -4*c. List the prime factors of g.
2, 7
Suppose -13 = -2*o - 5. Let h(t) = -t**2 + 8*t + 1. Let a be h(6). Let g = a - o. What are the prime factors of g?
3
Suppose 5*x = -a + 16457, x = -4*x + 4*a + 16447. List the prime factors of x.
3, 1097
Let b(u) = 4*u**2 + 22*u - 32. Let l(r) = -11*r**2 - 65*r + 96. Let w(c) = 8*b(c) + 3*l(c). What are the prime factors of w(-17)?
2, 3, 11
Let v be (0 + 72/(-14))/((-102)/3927). Suppose -g + v = 19. What are the prime factors of g?
179
Let x be (8 - 1) + 0/(-4). Let t(v) = 27*v - 31. What are the prime factors of t(x)?
2, 79
Let m be (-1)/((12/(-4))/(-12)). Let a(o) = -2*o**3 - 6*o**2 - 4*o + 4. Let n be a(m). Suppose -n = -4*c + 32. List the prime factors of c.
3, 7
Let r be 204 + 1*(1 - -1) + 1. Suppose -9*s = -r - 99. List the prime factors of s.
2, 17
Let o be 54/13 - 4/26. Suppose -o*q - 5*j = -289, -2*q - j + 146 = 3*j. What are the prime factors of q?
71
Suppose -1494*n = -1485*n - 16308. List the prime factors of n.
2, 3, 151
What are the prime factors of (224/(-120) - -2) + (-51789)/(-45)?
1151
Let q(i) be the first derivative of 5*i**3/3 - 4*i**2 + 3*i - 14. What are the prime factors of q(5)?
2, 11
Suppose 383 = -3*v + 1331. Let a = v + -205. What are the prime factors of a?
3, 37
Let p = 3595 + -2009. List the prime factors of p.
2, 13, 61
Let w(a) = 4 - 6 - 5*a - 10. What are the prime factors of w(-4)?
2
Let p be (-2)/2 + 80/16. Suppose -p*b + 33 = -31. Suppose h - b = 16. What are the prime factors of h?
2
Suppose 21*u + 1459 - 9376 = 0. What are the prime factors of u?
13, 29
Let w(l) = -36*l + 166. What are the prime factors of w(-24)?
2, 5, 103
Suppose -m - 4*v - v = -15, 78 = 2*m - 2*v. Let h be 82/7 + 10/m. Suppose r - h + 5 = 0. List the prime factors of r.
7
Let i be ((-130)/20)/((-2)/4). Suppose -3 = 3*f - t - i, 4*t = 5*f - 12. What are the prime factors of f?
2
Let n(h) = 221*h**2 + h + 2. Let z be n(-1). Let x = z + -10. What are the prime factors of x?
2, 53
Let q(a) = a**3 + 11*a**2 + 9*a - 1. Let n(c) = c**3 + 4*c - c - 3*c - 2*c - 6*c**2 + 2. Let r be n(6). What are the prime factors of q(r)?
3
Let m be (-2)/(-3*(-2)/(-1287)). Suppose s - 4*s = -3*w - 261, -2*w - m = -5*s. Suppose -s = -5*i - 0*i. What are the prime factors of i?
17
Suppose 2*q + 22 = -6. Let c be ((-287)/164)/((-34)/32 - -1). Let d = q + c. List the prime factors of d.
2, 7
Let n(x) = 6*x**3 - x**2 - 8*x - 30. What are the prime factors of n(9)?
3, 11, 127
Let v(b) = -20*b**3 + 57*b**3 - b**2 - 20*b**3 + 3 - 6*b - 20*b**3. What are the prime factors of v(-4)?
7, 29
Let v(h) = 7*h**2 - 2*h + 11. Suppose 37*q + 6 = 38*q. What are the prime factors of v(q)?
251
List the prime factors of ((-6222)/(-2))/3 - (2 - 1).
2, 7, 37
Let m be (-2 - 0)*12748/(-8). Suppose -690 + m = 11*r. List the prime factors of r.
227
Let t(j) = 3*j**2 + 5*j - 47. Let d(y) = -y**2 - 2*y + 16. Let q(v) = 17*d(v) + 6*t(v). Let f be q(6). What are the prime factors of (-23)/f*2/(-1)?
23
Let u(c) be the first derivative of 55*c**3/3 + 5*c**2/2 + 9*c + 5. Let s(h) = -27*h**2 - 2*h - 4. Let n(y) = -14*s(y) - 6*u(y). List the prime factors of n(1).
2, 3
Let c(b) = 3*b**2 - 47*b + 18. Let j be c(15). Let k(z) = -5*z - 30. What are the prime factors of k(j)?
2, 3, 5
Suppose -11*s + 2*s = 0. List the prime factors of -9*(s - (-84)/(-9)).
2, 3, 7
Suppose 9*q + 12 = 3*q. Let t = q - -143. List the prime factors of t.
3, 47
Let a(q) = -8*q - 2. Let j be a(-1). Suppose -3*l = -j*l + 192. What are the prime factors of l?
2
Let n = -152 - -326. Suppose -3*f = -0*f - n. What are the prime factors of f?
2, 29
Let t be 7680/(-75) - 2/(-5). List the prime factors of (6/(-4))/(3/t).
3, 17
Suppose -13*w + 43*w = 6720. What are the prime factors of w?
2, 7
Let q(c) = -c**2 + 3*c - 12. Let b be q(8). Let j = -34 - b. Let w = 4 + j. What are the prime factors of w?
2, 11
Suppose -y + 456 = 4*x - 98, -1622 = -3*y - 2*x. List the prime factors of y.
2, 269
Let i(h) = -6*h - 24. Let m be i(-10). Suppose 2 + m = t. What are the prime factors of t?
2, 19
Let l = 263 - -40. What are the prime factors of l?
3, 101
Let v = 16 - 27. Suppose 52*p - 55*p + 57 = 0. Let g = v + p. What are the prime factors of g?
2
Let m be ((-69)/(-92))/(6/16). Let y be 9/(m + (-52)/32). Let n = 65 - y. List the prime factors of n.
41
Let w(c) be the first derivative of c**2/2 + 12*c + 2. Let m be w(-9). What are the prime factors of (-8)/m*(-30)/4?
2, 5
Let z = -62 - -69. List the prime factors of (204/z)/((-7)/(-49)).
2, 3, 17
Let f = 545 - 341. List the prime factors of f.
2, 3, 17
Suppose -23*r + 30*r - 17241 = 0. What are the prime factors of r?
3, 821
Suppose -59*p = -44*p - 75750. List the prime factors of p.
2, 5, 101
Let r